 262729/4 + (-385)/(-220) + -3?
5
Let f(o) = 169*o + 1027. What is the thousands digit of f(2)?
1
Let h(o) = 3*o. Let u(s) = -30*s - 13. Let g(l) = 3*h(l) - u(l). What is the tens digit of g(9)?
6
Let p = 8 - 40. Let n = -29 - p. Suppose n*x - 168 = -6. What is the units digit of x?
4
Suppose 55 = 5*s + 5. Let x = 21 - s. Suppose x*w + 148 = 13*w. What is the tens digit of w?
7
Let x = -119 + 122. Suppose -3*c - 2*c = x*n - 45, 4*c + n - 29 = 0. Suppose -1374 = c*m - 12*m. What is the units digit of m?
9
Suppose -94 = -5*x - 414. Let q = -51 - x. Suppose -o - 4 = -q. What is the units digit of o?
9
Let h(k) = -k**3 + 6*k**2 + k - 6. Let q be h(6). Let u(v) = -17*v + 377. What is the hundreds digit of u(q)?
3
Let j(h) = -h**3 - 24*h**2 - 21*h + 48. Let r be j(-23). Let n(f) = 137*f + 13. What is the tens digit of n(r)?
8
What is the units digit of ((-1837605)/14)/(-11)*80/60?
0
Let w = -10519 + 17915. What is the thousands digit of w?
7
Let r = 36 + 764. Suppose -4*b - b = -r. What is the units digit of b?
0
Let m(y) = -y**3 + 2*y**2 + 2*y + 4. Let r be m(2). What is the tens digit of ((-3)/(-2))/(r/624)?
1
Suppose 7*n = 11*n - 12. Suppose -4*f = -2*m + 16, n = -4*m + 2*f + 17. Let u(q) = 15*q - 13. What is the units digit of u(m)?
7
Let t(y) = -y**3 + 17*y**2 - 20*y + 5. Let m(n) = 3*n**2 + 14. Let c be m(0). What is the tens digit of t(c)?
1
Let f = -13707 + 29196. What is the thousands digit of f?
5
Let g = -6153 + 16658. What is the units digit of g?
5
What is the units digit of (-6)/(-39) - 8218800/(-390)?
4
Let p(i) = 6*i + 118. Let q be p(-19). Suppose 0 = 3*b - 7*b + c + 1290, -3*b - q*c + 977 = 0. What is the hundreds digit of b?
3
Let c(x) = 23*x**3 - 68*x + 349. What is the units digit of c(9)?
4
Let v be ((-2)/(10/(-25)) - 5) + 26. Let m(o) = 4*o**2 - 46*o + 52. What is the tens digit of m(v)?
6
Suppose 2*o - 2*j - 58 = 0, 4*j + 2 - 102 = -4*o. Suppose y - o = 61. What is the tens digit of y?
8
Suppose -3*t = -5*b - 4304, 0 = -b - 3 + 2. Let k = 2285 - t. Suppose 0*q - k = -4*q. What is the tens digit of q?
1
Let b(d) = -35*d + 19. Let u be b(-5). Let o = 393 - u. What is the tens digit of o?
9
Let q = -146 + 185. Let x(u) = -u**3 + 40*u**2 - 22*u - 75. What is the tens digit of x(q)?
8
Suppose 20 = 4*x + 12. Let g(v) = -5*v + 2*v**3 - v**3 - 2*v**3 - v**3 - 6 - v**x. What is the tens digit of g(-4)?
2
Let v(j) = 17*j**2 + 38*j - 9. Suppose -2*p - 2 = 18. What is the hundreds digit of v(p)?
3
Suppose -2*x + 5*v - 4*v + 25062 = 0, 2*x - 2*v = 25060. What is the thousands digit of x?
2
Let k be ((-1167)/(-9))/((-44)/(-6) - 7). Let t = 912 - k. What is the hundreds digit of t?
5
Let l(u) = u - 48. Let a be l(13). Let m = 8 - a. What is the tens digit of m?
4
Let y = 247 - 225. What is the hundreds digit of 2553/8 - y/176?
3
Suppose 3*a + 4*u = -31, -4*a + u = -0*a + 16. What is the tens digit of (a - (-504 + 3)) + -4?
9
Let z be 4 + 12*(20/(-6) + 4). What is the units digit of (-1)/z*2 - (-654)/36?
8
Suppose 2982 = -19*i + 5*i. Let n = i - -378. What is the hundreds digit of n?
1
Let r(u) = 15*u**2 - 5*u - 6. Let f be r(-1). Suppose -f*m + 401 + 1055 = 0. What is the hundreds digit of m + 0*(-1 - 1/(-2))?
1
Suppose -16*q - 8124 = -51922 - 44186. What is the thousands digit of q?
5
Let r = 5613 + -3900. What is the hundreds digit of r?
7
Let n = -344 - -100. Let f = n - -629. What is the tens digit of f?
8
Suppose 1815 = -5*a - 5*v, v + 779 = -2*a + 52. Let w = -13 - a. What is the tens digit of w?
5
What is the units digit of (-135198)/(-8) - (-3 + 120/32)?
9
Let u(b) = -37*b + 163 + 164 + 166 - 651 + 168. Suppose -t = -5*t - 8. What is the tens digit of u(t)?
8
Let u(s) = 1848*s + 51. Let o be u(2). Suppose 110*k - o = 107*k. What is the thousands digit of k?
1
What is the units digit of (-230)/184 + 180987/12?
1
What is the hundreds digit of ((-5)/135)/(5/(-2602095)) - 4/(-18)?
2
Let q be (-264)/16*22/(-3). Let r = q + -280. Let u = r + 244. What is the units digit of u?
5
Let s(m) be the first derivative of m**4/2 - 25*m**3/3 - 4*m**2 + 8*m + 283. What is the thousands digit of s(16)?
1
Suppose -3*s - 14 = l - 410, 5*s + l - 658 = 0. Let g = -2297 - -2194. Let b = g + s. What is the tens digit of b?
2
Suppose 0 = -14*b + 39382 + 70865 - 10133. What is the tens digit of b?
5
Suppose 106*j = 64*j + 458934. What is the hundreds digit of j?
9
Let v(u) = 322*u**2 - 32*u - 1. What is the units digit of v(5)?
9
Let d(c) = -c**3 - 3*c**2 + c + 5. Let v be d(-3). Let m be (-3 - 0) + 5 - (-76)/v. Suppose 0 = -42*h + m*h + 160. What is the units digit of h?
0
Suppose -3*c + 15 = 9. Let l(g) = 5 - 3*g**2 + 6*g - 7*g - 1 + g**3 + 8*g**c. What is the units digit of l(3)?
3
Suppose 159*b + 514605 = 2048955. What is the thousands digit of b?
9
Let x(q) be the third derivative of q**5/20 - 31*q**4/24 - 8*q**3/3 + 14*q**2. What is the units digit of x(17)?
4
Let p = -48 - -52. Suppose p*i + 71 = 5*d, 1 = 2*i + 3*d + 42. Let b(w) = w**3 + 18*w**2 - 24*w - 4. What is the tens digit of b(i)?
9
Suppose -5*z + 3*h + 5401 = 0, 4*z - 9*h = -12*h + 4310. Let x = z - 815. What is the units digit of x?
4
Suppose -4*p + f = -21, -4*f = -p - 0*f + 24. Suppose p*b = 3*y - 196 + 600, 2*y + 303 = 3*b. What is the hundreds digit of b?
1
Let x(l) = l**3 + l**2 - 3*l - 3. Let k be x(-5). Let n be 2/(-1)*k/16. What is the units digit of 8/8*n/1?
1
Suppose -124 = -7*q - 47. Suppose 2*x = q*x - 2205. What is the hundreds digit of x?
2
Let p(o) = 7*o**2 - 87*o + 9. What is the units digit of p(-26)?
3
Let c(h) be the first derivative of 16*h**2 + h + 6. Let a be c(1). Suppose 4*w = a + 39. What is the tens digit of w?
1
Suppose -5*k + 3*k - 6 = 3*b, 0 = -b - 4. Suppose -12 = -4*f + 4*v, 5*f - v + 8 = 31. Suppose -f*o - 235 = -k*i, -4*o = -2*o - 8. What is the tens digit of i?
8
Let y be 18/(-30) + (728/5 - 2). Suppose 71*v - 4*p - y = 70*v, 462 = 3*v - p. What is the tens digit of v?
5
Let v be ((-4)/(-22))/(9 - 882/99). What is the tens digit of v/24 + 39881/228?
7
Let i be -85*(-22)/(6/3). Let r = -496 + i. What is the tens digit of r?
3
Let x(o) = -324*o**3 - o**2 + 10*o + 52. What is the thousands digit of x(-3)?
8
Suppose -4*k + 3*t = 7*t - 5940, -3*k - t + 4449 = 0. Suppose 0 = 2*f + 5*s - k, 2*f - s = 2272 - 814. What is the tens digit of f?
3
Let k(y) = -5*y - 24. Let g be k(-7). Let x(j) = 6 + g*j**2 + 10*j - 3*j - 10 - 2*j**2. What is the hundreds digit of x(-4)?
1
Suppose 0 = 5*b - 5*p - 99115, 5*b = -3*p - 55271 + 154394. What is the ten thousands digit of b?
1
Suppose -851092 = -12*f - 5*c, 2*f + 5*c + 141802 = 4*f. What is the ten thousands digit of f?
7
Let u(f) = -337*f + 882. What is the tens digit of u(-24)?
7
Let u = -48 + 58. Suppose -8*y = -u*y - 6. What is the hundreds digit of 12/18 + (-331)/y?
1
Let u(g) = -g**2 + 11*g. Let d be u(11). Suppose -11*n + 1900 + 2082 = d. What is the tens digit of n?
6
Suppose -3*n + 21 = -4*g, n - 3*n = 2*g. What is the tens digit of 8685/45 + 1*(g - 1)?
8
Let m(k) = 20840*k - 8465. What is the tens digit of m(4)?
9
Suppose -x + 3*x + 58 = 3*p, p + x - 11 = 0. Suppose -4*d = 5*k + p, -6 = -4*d + 2*d + k. What is the tens digit of (0 - (-4 + 1 + d)) + 45?
4
Let k(y) = -14031*y + 290. What is the hundreds digit of k(-1)?
3
Let h(o) = 22*o + 1548. What is the units digit of h(-38)?
2
Let c be ((-3)/(-2) + -2)*18. Let b be (c/(-12))/(9/48). Suppose 0 = -b*q - 6*q + 370. What is the units digit of q?
7
Suppose -5*b + 25 = -5*q - 0*q, 4*q + 45 = -b. Let h be 4*6/(-4) + q + 13. What is the units digit of h/(-3 - (-126)/43)?
3
Suppose -21016 + 4582 = -27*g + 96804. What is the units digit of g?
4
Suppose -12 = -h - 8. Suppose -3*a - 4641 = -3*c, -h*c + 3*a + 2424 = -3765. Suppose 0 = -5*o + c - 293. What is the hundreds digit of o?
2
Let j be 7 + 14/7 + (-21)/3. What is the tens digit of -6 - -2 - -1470 - j?
6
Let q be -6*2/(-4) - (-4057 + -4). Suppose -1494 - q = -4*f + 3*m, 2 = -m. What is the tens digit of f?
8
Let g(t) = 3858*t - 8421. What is the units digit of g(13)?
3
Let f(i) = 23*i + 31. Let b(c) = 1. Let v(h) = -5*b(h) - f(h). What is the units digit of v(-11)?
7
Let l(q) = 12*q + 1. Suppose -2*t = -4*t + 2*m + 24, -8 = -t - m. What is the units digit of l(t)?
1
Let c be 1*(-1)/3 - 5/(-15). Suppose 4*d + 3*n = 